{"id":38,"date":"2024-02-08T10:41:10","date_gmt":"2024-02-08T08:41:10","guid":{"rendered":"http:\/\/eastsidemedia.fi\/sivusto\/?page_id=38"},"modified":"2024-02-13T10:25:53","modified_gmt":"2024-02-13T08:25:53","slug":"aanityo","status":"publish","type":"page","link":"https:\/\/eastsidemedia.fi\/sivusto\/aanityo\/","title":{"rendered":"\u00c4\u00e4nity\u00f6"},"content":{"rendered":"\n<p>East Side Media tarjoaa \u00e4\u00e4nity\u00f6n palveluita yrityksille ja yhteis\u00f6ille. Ota yhteytt\u00e4, jos tarvitset esimerkiksi lukijaa tai kertojaa.<\/p>\n\n\n\n<figure class=\"wp-block-image size-large\"><img loading=\"lazy\" decoding=\"async\" width=\"1024\" height=\"573\" src=\"https:\/\/eastsidemedia.fi\/sivusto\/wp-content\/uploads\/2024\/02\/mikrofoni_microphone-1024x573.jpg\" alt=\"\" class=\"wp-image-58\" srcset=\"https:\/\/eastsidemedia.fi\/sivusto\/wp-content\/uploads\/2024\/02\/mikrofoni_microphone-1024x573.jpg 1024w, https:\/\/eastsidemedia.fi\/sivusto\/wp-content\/uploads\/2024\/02\/mikrofoni_microphone-300x168.jpg 300w, https:\/\/eastsidemedia.fi\/sivusto\/wp-content\/uploads\/2024\/02\/mikrofoni_microphone-768x429.jpg 768w, https:\/\/eastsidemedia.fi\/sivusto\/wp-content\/uploads\/2024\/02\/mikrofoni_microphone.jpg 1200w\" sizes=\"auto, (max-width: 1024px) 100vw, 1024px\" \/><\/figure>\n\n\n\n<p><strong>Referenssej\u00e4<\/strong>: Iltalehden radiouutiset Radio Novalle, Radio Nostalgialle, Iskelm\u00e4lle ja Business FM:lle (n\u00e4yte alla)<\/p>\n\n\n\n<p><iframe loading=\"lazy\" src=\"https:\/\/w.soundcloud.com\/player\/?url=https%3A\/\/api.soundcloud.com\/tracks\/706543117&amp;color=%23ff5500&amp;auto_play=false&amp;hide_related=false&amp;show_comments=true&amp;show_user=true&amp;show_reposts=false&amp;show_teaser=true\" width=\"100%\" height=\"166\" frameborder=\"no\" scrolling=\"no\"><\/iframe><\/p>\n\n\n\n<p><strong>Muita \u00e4\u00e4nity\u00f6n referenssej\u00e4<\/strong>: KONE, Nokian Renkaat, Finnair, Aurinkomatkat<\/p>\n\n\n\n<p><strong>Kysy \u00e4\u00e4nipalveluista tai tee tarjouspyynt\u00f6:<\/strong><\/p>\n\n\n\n<ul class=\"wp-block-list\">\n<li>info (at) pasituominen . com<\/li>\n\n\n\n<li>Puhelin ja Whatsapp: 041 5163 111<\/li>\n<\/ul>\n\n\n\n<p><strong>Tutustu my\u00f6s East Side Median muihin palveluihin<\/strong>:<\/p>\n\n\n\n<ul class=\"wp-block-list\">\n<li><a href=\"https:\/\/eastsidemedia.fi\/sivusto\/toimittaja\/\" data-type=\"page\" data-id=\"32\">Toimitusty\u00f6<\/a><\/li>\n<\/ul>\n\n\n\n<ul class=\"wp-block-list\">\n<li><a href=\"https:\/\/eastsidemedia.fi\/sivusto\/kaantaja\/\" data-type=\"page\" data-id=\"35\">K\u00e4\u00e4nn\u00f6sty\u00f6 ja kielentarkistus<\/a><\/li>\n<\/ul>\n","protected":false},"excerpt":{"rendered":"<p>East Side Media tarjoaa \u00e4\u00e4nity\u00f6n palveluita yrityksille ja yhteis\u00f6ille. Ota yhteytt\u00e4, jos tarvitset esimerkiksi lukijaa tai kertojaa. Referenssej\u00e4: Iltalehden radiouutiset Radio Novalle, Radio Nostalgialle, Iskelm\u00e4lle ja Business FM:lle (n\u00e4yte alla) Muita \u00e4\u00e4nity\u00f6n referenssej\u00e4: KONE, Nokian Renkaat, Finnair, Aurinkomatkat Kysy \u00e4\u00e4nipalveluista tai tee tarjouspyynt\u00f6: Tutustu my\u00f6s East Side Median muihin palveluihin:<\/p>\n","protected":false},"author":1,"featured_media":0,"parent":0,"menu_order":0,"comment_status":"closed","ping_status":"closed","template":"","meta":{"footnotes":""},"class_list":["post-38","page","type-page","status-publish","hentry"],"_links":{"self":[{"href":"https:\/\/eastsidemedia.fi\/sivusto\/wp-json\/wp\/v2\/pages\/38","targetHints":{"allow":["GET"]}}],"collection":[{"href":"https:\/\/eastsidemedia.fi\/sivusto\/wp-json\/wp\/v2\/pages"}],"about":[{"href":"https:\/\/eastsidemedia.fi\/sivusto\/wp-json\/wp\/v2\/types\/page"}],"author":[{"embeddable":true,"href":"https:\/\/eastsidemedia.fi\/sivusto\/wp-json\/wp\/v2\/users\/1"}],"replies":[{"embeddable":true,"href":"https:\/\/eastsidemedia.fi\/sivusto\/wp-json\/wp\/v2\/comments?post=38"}],"version-history":[{"count":6,"href":"https:\/\/eastsidemedia.fi\/sivusto\/wp-json\/wp\/v2\/pages\/38\/revisions"}],"predecessor-version":[{"id":128,"href":"https:\/\/eastsidemedia.fi\/sivusto\/wp-json\/wp\/v2\/pages\/38\/revisions\/128"}],"wp:attachment":[{"href":"https:\/\/eastsidemedia.fi\/sivusto\/wp-json\/wp\/v2\/media?parent=38"}],"curies":[{"name":"wp","href":"https:\/\/api.w.org\/{rel}","templated":true}]}}