{"id":32,"date":"2024-02-08T10:39:11","date_gmt":"2024-02-08T08:39:11","guid":{"rendered":"http:\/\/eastsidemedia.fi\/sivusto\/?page_id=32"},"modified":"2025-02-07T23:57:49","modified_gmt":"2025-02-07T21:57:49","slug":"toimittaja","status":"publish","type":"page","link":"https:\/\/eastsidemedia.fi\/sivusto\/toimittaja\/","title":{"rendered":"Toimitusty\u00f6"},"content":{"rendered":"\n<p><strong>East Side Media: toimitusty\u00f6t\u00e4 vuodesta 2008<\/strong><\/p>\n\n\n<li>Urheilu<\/li>\n<li>Musiikki<\/li>\n<li>Politiikka, yhteiskunta, kulttuuri<\/li>\n\n\n<h2 class=\"wp-block-heading\">Urheilu<\/h2>\n\n\n\n<p>East Side Median <strong>Pasi Tuominen<\/strong> on toiminut NHL-kirjeenvaihtajana Pohjois-Amerikassa 2008\u20132013 (asemapaikka Washington, D.C.), 2017-2020 (New York) ja vuodesta 2025 alkaen (Ottawa).<\/p>\n\n\n\n<figure class=\"wp-block-image size-full\"><img loading=\"lazy\" decoding=\"async\" width=\"992\" height=\"651\" src=\"https:\/\/eastsidemedia.fi\/sivusto\/wp-content\/uploads\/2024\/02\/msg.jpg\" alt=\"\" class=\"wp-image-59\" srcset=\"https:\/\/eastsidemedia.fi\/sivusto\/wp-content\/uploads\/2024\/02\/msg.jpg 992w, https:\/\/eastsidemedia.fi\/sivusto\/wp-content\/uploads\/2024\/02\/msg-300x197.jpg 300w, https:\/\/eastsidemedia.fi\/sivusto\/wp-content\/uploads\/2024\/02\/msg-768x504.jpg 768w\" sizes=\"auto, (max-width: 992px) 100vw, 992px\" \/><\/figure>\n\n\n\n<p>Tuominen toimii nykyisin <a href=\"http:\/\/nhl.com\/fi\" data-type=\"link\" data-id=\"nhl.com\/fi\">NHL:n virallisen median<\/a> toimittajana.<\/p>\n\n\n\n<p><strong>Referenssej\u00e4<\/strong>: New York Rangers, NHL, The Hockey Writers, Iltalehti, Uusi Suomi, Aamulehti, MTV, Otavamedia (Yhtyneet kuvalehdet), Pohjalainen, Satakunnan Kansa, Helsingin Uutiset, Vantaan Sanomat, L\u00e4nsiv\u00e4yl\u00e4, Uusimaa<\/p>\n\n\n\n<p>Tutustu <strong><a href=\"https:\/\/eastsidemedia.fi\/sivusto\/2024\/02\/07\/east-side-median-urheilusivustot\/\" data-type=\"post\" data-id=\"18\">t\u00e4st\u00e4<\/a> <\/strong>East Side Median toimittamiin urheilusivustoihin.<\/p>\n\n\n\n<h2 class=\"wp-block-heading\">Musiikki<\/h2>\n\n\n\n<p>East Side Media on tarjonnut musiikkitoimittamisen palveluita vuodesta 2008.<\/p>\n\n\n\n<p>East Side Median omaan tuotantoon kuuluu musiikkisivusto Blues-Finland.com, joka on toiminut vuodesta 2006 l\u00e4htien.<\/p>\n\n\n\n<figure class=\"wp-block-image size-full\"><img loading=\"lazy\" decoding=\"async\" width=\"1024\" height=\"540\" src=\"https:\/\/eastsidemedia.fi\/sivusto\/wp-content\/uploads\/2024\/02\/jimmie-vaughan-iridium-new-york-copyright-east-side-media.jpg\" alt=\"\" class=\"wp-image-132\" srcset=\"https:\/\/eastsidemedia.fi\/sivusto\/wp-content\/uploads\/2024\/02\/jimmie-vaughan-iridium-new-york-copyright-east-side-media.jpg 1024w, https:\/\/eastsidemedia.fi\/sivusto\/wp-content\/uploads\/2024\/02\/jimmie-vaughan-iridium-new-york-copyright-east-side-media-300x158.jpg 300w, https:\/\/eastsidemedia.fi\/sivusto\/wp-content\/uploads\/2024\/02\/jimmie-vaughan-iridium-new-york-copyright-east-side-media-768x405.jpg 768w\" sizes=\"auto, (max-width: 1024px) 100vw, 1024px\" \/><\/figure>\n\n\n\n<p>Blues-Finland.com on her\u00e4tt\u00e4nyt kansallisen tason huomiota esimerkiksi Helsingin Sanomissa, <a href=\"https:\/\/vintti.yle.fi\/yle.fi\/pop\/artikkelit\/2008-01-31\/blues-vakevimmin-tunnetiloihin-perustuva-musiikinlaji.html\" target=\"_blank\" rel=\"noreferrer noopener\">Ylell\u00e4<\/a>, Kalevassa ja <a href=\"https:\/\/www.ts.fi\/kulttuuri\/653521\" target=\"_blank\" rel=\"noreferrer noopener\">Turun Sanomissa<\/a>. My\u00f6s historiateoksesta <em><a href=\"https:\/\/www.aviador.fi\/product-page\/sininen-sielua-my%C3%B6ten\" data-type=\"link\" data-id=\"https:\/\/www.aviador.fi\/product-page\/sininen-sielua-my%C3%B6ten\" target=\"_blank\" rel=\"noreferrer noopener\">Sininen sielua my\u00f6ten<\/a><\/em> l\u00f6ytyy hyvin positiivinen kommentti sivuston vaikutuksesta Suomen musiikkimediaan.<\/p>\n\n\n\n<p><strong>Referenssej\u00e4<\/strong>: <a href=\"http:\/\/blues-finland.com\" data-type=\"link\" data-id=\"blues-finland.com\">Blues-Finland.com<\/a>, Rumba, All About Blues, Pohjalainen<\/p>\n\n\n\n<h2 class=\"wp-block-heading\">Politiikka, yhteiskunta, kulttuuri<\/h2>\n\n\n\n<p>Uutisointi, artikkelit, haastattelut ja muu toimituksellinen materiaali onnistuu monilta el\u00e4m\u00e4naloilta.<\/p>\n\n\n\n<p>Tuominen on ty\u00f6skennellyt muun muassa Iltalehden uutistoimituksessa sek\u00e4 <a href=\"https:\/\/eastsidemedia.fi\/sivusto\/aanityo\/\" data-type=\"page\" data-id=\"38\">radiouutisten toimittajana<\/a>.<\/p>\n\n\n\n<p><strong>Kysy toimitusty\u00f6st\u00e4 tai tee tarjouspyynt\u00f6<\/strong>:<\/p>\n\n\n\n<p>info (at) pasituominen . com<\/p>\n\n\n\n<p><strong>Tutustu my\u00f6s East Side Median muihin palveluihin<\/strong>:<\/p>\n\n\n\n<ul class=\"wp-block-list\">\n<li><a href=\"https:\/\/eastsidemedia.fi\/sivusto\/kaantaja\/\" data-type=\"page\" data-id=\"35\">K\u00e4\u00e4nn\u00f6sty\u00f6 ja kielentarkistus<\/a><\/li>\n<\/ul>\n\n\n\n<ul class=\"wp-block-list\">\n<li><a href=\"https:\/\/eastsidemedia.fi\/sivusto\/aanityo\/\" data-type=\"page\" data-id=\"38\">\u00c4\u00e4nity\u00f6<\/a><\/li>\n<\/ul>\n","protected":false},"excerpt":{"rendered":"<p>East Side Media: toimitusty\u00f6t\u00e4 vuodesta 2008 Urheilu Musiikki Politiikka, yhteiskunta, kulttuuri Urheilu East Side Median Pasi Tuominen on toiminut NHL-kirjeenvaihtajana Pohjois-Amerikassa 2008\u20132013 (asemapaikka Washington, D.C.), 2017-2020 (New York) ja vuodesta 2025 alkaen (Ottawa). Tuominen toimii nykyisin NHL:n virallisen median toimittajana. Referenssej\u00e4: New York Rangers, NHL, The Hockey Writers, Iltalehti, Uusi Suomi, Aamulehti, MTV, Otavamedia (Yhtyneet [&hellip;]<\/p>\n","protected":false},"author":1,"featured_media":0,"parent":0,"menu_order":0,"comment_status":"closed","ping_status":"closed","template":"","meta":{"footnotes":""},"class_list":["post-32","page","type-page","status-publish","hentry"],"_links":{"self":[{"href":"https:\/\/eastsidemedia.fi\/sivusto\/wp-json\/wp\/v2\/pages\/32","targetHints":{"allow":["GET"]}}],"collection":[{"href":"https:\/\/eastsidemedia.fi\/sivusto\/wp-json\/wp\/v2\/pages"}],"about":[{"href":"https:\/\/eastsidemedia.fi\/sivusto\/wp-json\/wp\/v2\/types\/page"}],"author":[{"embeddable":true,"href":"https:\/\/eastsidemedia.fi\/sivusto\/wp-json\/wp\/v2\/users\/1"}],"replies":[{"embeddable":true,"href":"https:\/\/eastsidemedia.fi\/sivusto\/wp-json\/wp\/v2\/comments?post=32"}],"version-history":[{"count":13,"href":"https:\/\/eastsidemedia.fi\/sivusto\/wp-json\/wp\/v2\/pages\/32\/revisions"}],"predecessor-version":[{"id":173,"href":"https:\/\/eastsidemedia.fi\/sivusto\/wp-json\/wp\/v2\/pages\/32\/revisions\/173"}],"wp:attachment":[{"href":"https:\/\/eastsidemedia.fi\/sivusto\/wp-json\/wp\/v2\/media?parent=32"}],"curies":[{"name":"wp","href":"https:\/\/api.w.org\/{rel}","templated":true}]}}